 -77. What is the highest common divisor of 60 and y?
15
Suppose -741*a + 189 = -740*a. Suppose -6*u + a = -399. What is the greatest common factor of 147 and u?
49
Suppose -12 = -7*p + 3*p. Suppose -p*x = 2*x - 25. Suppose x*h - 10*h + 105 = 0. Calculate the greatest common divisor of 21 and h.
21
Let t(p) = -p**3 - 46*p**2 - 140*p - 402. Let i be t(-43). What is the greatest common factor of i and 7?
1
Let t(k) = 43*k + 1. Let z be t(1). Let c be (-120)/(-3) + (-1044)/58. Calculate the greatest common divisor of z and c.
22
Suppose 4*j - 111*y + 108*y - 91796 = 0, 7*j - 160642 = 5*y. What is the greatest common divisor of 154 and j?
154
Let s(b) = 7*b**2 + 22*b - 720. Let k be s(20). Calculate the highest common factor of k and 7.
7
Let r(c) = c**2 + 2*c + 4. Let d be r(0). Let i be -6 - 51*-6 - d. Calculate the greatest common divisor of i and 111.
37
Suppose 2*n - 22 = 32. Suppose 111 = q + 96. What is the greatest common divisor of n and q?
3
Suppose 0 = z + 34 - 105. Suppose z*n = 66*n + 35. Suppose 3*m = n*m - 140. Calculate the highest common factor of 175 and m.
35
Let f(v) be the third derivative of -25*v**4/24 + v**3/3 + 4*v**2 + 6*v. Let l be f(0). Suppose -5*s + 20 = -30. What is the highest common factor of l and s?
2
Let n = -18 - -33. Suppose -1080 = -n*b + 3*b. Calculate the highest common factor of b and 12.
6
Suppose 173 + 270 = 5*p + 2*j, -5*p = -4*j - 479. Let d(o) = -o**3 - 10*o**2 - 9*o + 13. Let k be d(-9). Calculate the highest common divisor of p and k.
13
Let v(r) = 5 + 5 + 3*r - 4. Suppose -5*p - 1 = 3*l, -4 = -0*l + 2*l + 4*p. Let j be v(l). Calculate the greatest common factor of j and 10.
10
Suppose 5085 = 44*q - 29*q. Calculate the greatest common divisor of 226 and q.
113
Let i = 228 - 148. Suppose 0*r - r - 3*p = -i, -88 = -r - 5*p. Calculate the greatest common divisor of r and 170.
34
Suppose -p + 65 = 60. Let a be p*1*16/40. Suppose 3 = 3*k, 3*g - a*k = 31 - 0. Calculate the greatest common factor of 121 and g.
11
Suppose 0 = z, l - 6*l = -5*z - 90. Let x be (-9)/144*-12*(48/18 + 0). What is the greatest common divisor of l and x?
2
Let q be 970 + (-6)/(-9) + (-156)/18. What is the highest common divisor of 78 and q?
26
Let o be (1*-4)/((-242)/363). Let j = 264 - 150. Calculate the greatest common factor of o and j.
6
Let l(j) = -170*j + 146. Let o be l(-6). What is the highest common factor of 110 and o?
22
Let t(c) = 4*c**2 - 6. Let v be t(2). Suppose -15*i = -v*i - 95. Let w be (-17)/((-476)/2674) - 2/4. What is the highest common divisor of i and w?
19
Suppose 18 + 6 = -2*s. Let r = s - -14. Suppose -2*m - 3*z = -37, -2*z - 4 - 8 = -r*m. What is the greatest common factor of m and 1?
1
Let b(t) = 29*t**2 - 41*t + 38. Let y be b(-7). What is the greatest common divisor of 162 and y?
18
Let x(r) = -146*r - 9038. Let l be x(-62). Let g = 643 - 377. Calculate the highest common divisor of l and g.
14
Suppose 2*c = 48 - 4. Suppose -6*l = -26*l + 400. Let u be (8/(-16))/((-5)/l). Calculate the highest common divisor of c and u.
2
Let a be 47 + (-4 - (-6 - 0)). Let n = 2500 + -1373. Calculate the highest common divisor of n and a.
49
Let j = 481 - 462. Suppose -2*i + 37 = x, 8*x + 58 = 3*i + 7*x. Calculate the greatest common factor of i and j.
19
Let t be -2*(-3)/6*1*3. Suppose -6 = 2*u, 0 = -4*l + 2*u + 56 - 10. Suppose -5*a + l = -5. Calculate the highest common factor of t and a.
3
Let t(a) = 815*a**3 - 49*a + 48. Let x be t(1). What is the greatest common factor of x and 484?
22
Let y = -78 - -82. Suppose -259 + 45 = -y*j + h, 2*j = -3*h + 114. Suppose 0 = -2*t + j + 2. Calculate the greatest common divisor of 140 and t.
28
Suppose 188 + 20 = 4*n + 5*p, -4*n = -5*p - 248. Suppose -n = -22*t + 31. Let s be 35*1 + -1 - 2. Calculate the greatest common divisor of s and t.
4
Suppose 5433 = 3*n - m, -71*n + 5451 = -68*n + 2*m. What is the greatest common divisor of 14 and n?
7
Suppose 0 = -2*i + w - 407, i - 2*w = -2*i - 609. Let t = i - -381. Calculate the greatest common factor of 22 and t.
22
Suppose -359*k = -55*k - 966 - 858. Let m be 187 - (2 + 1*-1). What is the highest common divisor of m and k?
6
Suppose -68*g = -66*g - 2. Let t = g - -39. Calculate the highest common divisor of 8 and t.
8
Suppose -m - 444 = -4*a, -m + 388 = 4*a - 64. Calculate the greatest common divisor of a and 880.
16
Let t(v) = -v**2 + 27*v - 80. Let i = 188 - 165. Let h be t(i). What is the highest common divisor of h and 54?
6
Suppose -29*i + 29*i - 30375 = -243*i. Calculate the greatest common factor of i and 2.
1
Suppose k - 3*d = -5*d - 259, 3*d + 6 = 0. Let j = k - -345. What is the greatest common factor of j and 150?
30
Let g be (53/(583/(-1188)))/(0 - 2). What is the highest common factor of 132 and g?
6
Suppose 2*u - 177 = b, -79*b - 283 = -3*u - 75*b. Calculate the highest common divisor of u and 250.
5
Let m be 765/9 + 2 + -4. Suppose -h + 4*b + 88 = 0, m = h + 9*b - 8*b. Calculate the highest common divisor of 12 and h.
12
Let x = 119 - 200. Let i = x - -291. Calculate the greatest common divisor of 30 and i.
30
Let q(k) = k**3 - 154*k**2 - 1287*k - 333. Let b be q(162). What is the highest common divisor of b and 975?
75
Let q(h) = 447*h**2 - 13*h + 25. Let y be q(1). What is the highest common divisor of 408 and y?
51
Let m = -173 + 198. Let j be 4055/m + 3/(-15). Calculate the greatest common divisor of j and 36.
18
Suppose -265*m = -229*m - 14760. Calculate the greatest common divisor of m and 170.
10
Let o be (-13)/104*-264 - 5/1. Calculate the greatest common factor of 2848 and o.
4
Let y(u) = u**2 + u + 6. Let t be y(20). Suppose -3*g = -4*i + 431, -4*i + g + g + t = 0. Suppose -j = j - i. Calculate the greatest common divisor of j and 13.
13
Suppose 4*z + 5*x - 361 - 212 = 0, -4*z = 3*x - 579. Calculate the highest common factor of 315 and z.
21
Suppose -3*g = -7*o + 2*o - 1845, 3*o = 0. Let r = g - 342. Suppose 0 = -22*n + 25*n - r. Calculate the greatest common divisor of n and 13.
13
Let o(r) = 4*r - 5. Let x be o(2). Let y = 0 + x. Suppose y*j - 5*v - 5 = 0, -3*j + 5*v = 3*v - 11. Calculate the highest common divisor of 15 and j.
5
Suppose 0 = 2022*x - 2024*x + 42. Calculate the highest common factor of 1449 and x.
21
Suppose 2*c - 26 = 70. Suppose 8*w + 2*k = 5*w - c, 31 = -2*w - k. Let y be (-4)/(-1) - w - 5. What is the highest common divisor of y and 1?
1
Let n be -1*4*30/(-8). Let k = 771 - 728. Suppose k*l - 987 = 303. What is the highest common divisor of l and n?
15
Let h be 3/5 + 4/10. Let f = 9741 + -9731. Let c be (32/f)/(h/5). Calculate the highest common divisor of 128 and c.
16
Let c = 15608 + -15496. Calculate the highest common divisor of 2632 and c.
56
Let p = -1 - -5. Suppose 4*o - 180 = -p*a, -a - 2*o + 19 = -31. Suppose -3*j = 4*s - a, 2*j + 2*s = -j + 50. Calculate the greatest common factor of 160 and j.
20
Let g = 4958 - 2175. What is the highest common factor of g and 23?
23
Let a = 13468 + -3769. What is the highest common divisor of 61 and a?
61
Suppose 0 = -z - 5189 + 575. Let w be (-4 - z/9) + (-16)/(-12). What is the highest common divisor of 51 and w?
51
Let j(c) = -3*c + 37. Let x be (21/(-12))/(1/(-4)). Let a be j(x). Suppose 10*n + 60 = a*n. Calculate the greatest common divisor of n and 30.
10
Suppose 5*y + 2*p - 3428 = 0, 30*y - 32*y - 5*p + 1409 = 0. What is the greatest common factor of 1922 and y?
62
Suppose 3*t + 31*t - 232 = 74. What is the highest common factor of t and 23067?
9
Let m = 6696 + -6006. What is the greatest common divisor of 2875 and m?
115
Let r = 2005 + -3075. Let a = r + 1630. Calculate the highest common factor of a and 40.
40
Suppose -254626 - 449798 = -261*c + 93*c. What is the greatest common divisor of 63 and c?
7
Let j = 10 + -7. Suppose -100 = -3*i - 5*p - 0*p, 144 = 5*i - j*p. What is the greatest common factor of 10 and i?
10
Let h be 24/(-24) + 1/1. Suppose h = v + 5 - 2. Let a be 2 + 3 + v - -2. What is the greatest common divisor of a and 32?
4
Suppose -401*t = -128*t - 546. Calculate the highest common factor of 158 and t.
2
Suppose -3*o - 1572 = -5*p, 14*o - 16*o - 1573 = -5*p. Let c = 647 - 458. Calculate the highest common factor of c and p.
63
Let d = 194 - 430. Let k = 461 - d. What is the highest common divisor of 34 and k?
